{"id":1037,"date":"2022-02-10T18:38:13","date_gmt":"2022-02-10T18:38:13","guid":{"rendered":"https:\/\/www.bgan.es\/kitdigital\/?page_id=1037"},"modified":"2022-04-21T17:04:13","modified_gmt":"2022-04-21T17:04:13","slug":"descarga-nuestra-guia","status":"publish","type":"page","link":"https:\/\/www.bgan.es\/kitdigital\/descarga-nuestra-guia\/","title":{"rendered":"Descarga nuestra guia"},"content":{"rendered":"<div class=\"wpb-content-wrapper\"><p>[vc_row][vc_column]<div id=\"fullwidth-block-6a0578a61ddd4\" class=\"fullwidth-block clearfix\"  style=\"background-color: #232323;padding-top: 200px;padding-bottom: 200px;padding-left: 50px;padding-right: 50px;\"><script type=\"text\/javascript\">if (typeof(gem_fix_fullwidth_position) == \"function\") { gem_fix_fullwidth_position(document.getElementById(\"fullwidth-block-6a0578a61ddd4\")); }<\/script><div class=\"fullwidth-block-background\" style=\"background-image: url(https:\/\/www.bgan.es\/kitdigital\/wp-content\/uploads\/2022\/02\/trama.png);background-repeat: repeat;background-position: center top;\"><\/div><div class=\"fullwidth-block-inner\"><div class=\"container\">[vc_row_inner][vc_column_inner offset=\u00bbvc_col-lg-2 vc_col-md-2&#8243;][\/vc_column_inner][vc_column_inner offset=\u00bbvc_col-lg-8 vc_col-md-8&#8243;][vc_column_text css_animation=\u00bbfadeInUp\u00bb]<\/p>\n<h1 style=\"text-align: center;\"><span style=\"color: #ffffff;\"><b>DESCARGA NUESTRA GU\u00cdA<\/b><\/span><\/h1>\n<p>[\/vc_column_text][vc_column_text css_animation=\u00bbfadeInUp\u00bb css=\u00bb.vc_custom_1644518279515{margin-bottom: 40px !important;}\u00bb]<\/p>\n<div class=\"styled-subtitle\" style=\"text-align: center;\"><span style=\"font-weight: 400; color: #ffffff;\">Consulta la gu\u00eda que hemos preparado para poder ver las diferentes soluciones disponibles y que m\u00e1s te interesen. Ver\u00e1s en la gu\u00eda como este bono digital es un saldo que var\u00eda en funci\u00f3n de los servicios que selecciones.<\/span><\/div>\n<p>[\/vc_column_text][\/vc_column_inner][vc_column_inner offset=\u00bbvc_col-lg-2 vc_col-md-2&#8243;][\/vc_column_inner][\/vc_row_inner][vc_row_inner][vc_column_inner offset=\u00bbvc_col-lg-2 vc_col-md-2&#8243;][\/vc_column_inner][vc_column_inner offset=\u00bbvc_col-lg-8 vc_col-md-8&#8243; css=\u00bb.vc_custom_1644518233550{padding-top: 70px !important;padding-right: 70px !important;padding-bottom: 70px !important;padding-left: 70px !important;background-color: #ebdd69 !important;}\u00bb][vc_raw_html]JTNDZGl2JTIwY2xhc3MlM0QlMjJfZm9ybV81NSUyMiUzRSUzQyUyRmRpdiUzRSUzQ3NjcmlwdCUyMHNyYyUzRCUyMmh0dHBzJTNBJTJGJTJGYmdhbi1sYWIuYWN0aXZlaG9zdGVkLmNvbSUyRmYlMkZlbWJlZC5waHAlM0ZpZCUzRDU1JTIyJTIwdHlwZSUzRCUyMnRleHQlMkZqYXZhc2NyaXB0JTIyJTIwY2hhcnNldCUzRCUyMnV0Zi04JTIyJTNFJTNDJTJGc2NyaXB0JTNF[\/vc_raw_html][\/vc_column_inner][vc_column_inner offset=\u00bbvc_col-lg-2 vc_col-md-2&#8243;][\/vc_column_inner][\/vc_row_inner]<\/div><\/div><\/div>[\/vc_column][\/vc_row]<\/p>\n<\/div>","protected":false},"excerpt":{"rendered":"<p>[vc_row][vc_column][\/vc_column][\/vc_row]<\/p>\n","protected":false},"author":2,"featured_media":0,"parent":0,"menu_order":0,"comment_status":"closed","ping_status":"closed","template":"","meta":{"footnotes":""},"class_list":["post-1037","page","type-page","status-publish"],"yoast_head":"<!-- This site is optimized with the Yoast SEO plugin v27.5 - https:\/\/yoast.com\/product\/yoast-seo-wordpress\/ -->\n<title>Descarga nuestra guia - Kit Digital Bgan<\/title>\n<meta name=\"robots\" content=\"index, follow, max-snippet:-1, max-image-preview:large, max-video-preview:-1\" \/>\n<link rel=\"canonical\" href=\"https:\/\/www.bgan.es\/kitdigital\/descarga-nuestra-guia\/\" \/>\n<meta property=\"og:locale\" content=\"es_ES\" \/>\n<meta property=\"og:type\" content=\"article\" \/>\n<meta property=\"og:title\" content=\"Descarga nuestra guia - Kit Digital Bgan\" \/>\n<meta property=\"og:description\" content=\"[vc_row][vc_column][\/vc_column][\/vc_row]\" \/>\n<meta property=\"og:url\" content=\"https:\/\/www.bgan.es\/kitdigital\/descarga-nuestra-guia\/\" \/>\n<meta property=\"og:site_name\" content=\"Kit Digital Bgan\" \/>\n<meta property=\"article:modified_time\" content=\"2022-04-21T17:04:13+00:00\" \/>\n<meta name=\"twitter:card\" content=\"summary_large_image\" \/>\n<meta name=\"twitter:label1\" content=\"Tiempo de lectura\" \/>\n\t<meta name=\"twitter:data1\" content=\"1 minuto\" \/>\n<script type=\"application\/ld+json\" class=\"yoast-schema-graph\">{\"@context\":\"https:\\\/\\\/schema.org\",\"@graph\":[{\"@type\":\"WebPage\",\"@id\":\"https:\\\/\\\/www.bgan.es\\\/kitdigital\\\/descarga-nuestra-guia\\\/\",\"url\":\"https:\\\/\\\/www.bgan.es\\\/kitdigital\\\/descarga-nuestra-guia\\\/\",\"name\":\"Descarga nuestra guia - Kit Digital Bgan\",\"isPartOf\":{\"@id\":\"https:\\\/\\\/www.bgan.es\\\/kitdigital\\\/#website\"},\"datePublished\":\"2022-02-10T18:38:13+00:00\",\"dateModified\":\"2022-04-21T17:04:13+00:00\",\"breadcrumb\":{\"@id\":\"https:\\\/\\\/www.bgan.es\\\/kitdigital\\\/descarga-nuestra-guia\\\/#breadcrumb\"},\"inLanguage\":\"es\",\"potentialAction\":[{\"@type\":\"ReadAction\",\"target\":[\"https:\\\/\\\/www.bgan.es\\\/kitdigital\\\/descarga-nuestra-guia\\\/\"]}]},{\"@type\":\"BreadcrumbList\",\"@id\":\"https:\\\/\\\/www.bgan.es\\\/kitdigital\\\/descarga-nuestra-guia\\\/#breadcrumb\",\"itemListElement\":[{\"@type\":\"ListItem\",\"position\":1,\"name\":\"Portada\",\"item\":\"https:\\\/\\\/www.bgan.es\\\/kitdigital\\\/\"},{\"@type\":\"ListItem\",\"position\":2,\"name\":\"Descarga nuestra guia\"}]},{\"@type\":\"WebSite\",\"@id\":\"https:\\\/\\\/www.bgan.es\\\/kitdigital\\\/#website\",\"url\":\"https:\\\/\\\/www.bgan.es\\\/kitdigital\\\/\",\"name\":\"Kit Digital Bgan\",\"description\":\"Otro sitio realizado con WordPress\",\"potentialAction\":[{\"@type\":\"SearchAction\",\"target\":{\"@type\":\"EntryPoint\",\"urlTemplate\":\"https:\\\/\\\/www.bgan.es\\\/kitdigital\\\/?s={search_term_string}\"},\"query-input\":{\"@type\":\"PropertyValueSpecification\",\"valueRequired\":true,\"valueName\":\"search_term_string\"}}],\"inLanguage\":\"es\"}]}<\/script>\n<!-- \/ Yoast SEO plugin. -->","yoast_head_json":{"title":"Descarga nuestra guia - Kit Digital Bgan","robots":{"index":"index","follow":"follow","max-snippet":"max-snippet:-1","max-image-preview":"max-image-preview:large","max-video-preview":"max-video-preview:-1"},"canonical":"https:\/\/www.bgan.es\/kitdigital\/descarga-nuestra-guia\/","og_locale":"es_ES","og_type":"article","og_title":"Descarga nuestra guia - Kit Digital Bgan","og_description":"[vc_row][vc_column][\/vc_column][\/vc_row]","og_url":"https:\/\/www.bgan.es\/kitdigital\/descarga-nuestra-guia\/","og_site_name":"Kit Digital Bgan","article_modified_time":"2022-04-21T17:04:13+00:00","twitter_card":"summary_large_image","twitter_misc":{"Tiempo de lectura":"1 minuto"},"schema":{"@context":"https:\/\/schema.org","@graph":[{"@type":"WebPage","@id":"https:\/\/www.bgan.es\/kitdigital\/descarga-nuestra-guia\/","url":"https:\/\/www.bgan.es\/kitdigital\/descarga-nuestra-guia\/","name":"Descarga nuestra guia - Kit Digital Bgan","isPartOf":{"@id":"https:\/\/www.bgan.es\/kitdigital\/#website"},"datePublished":"2022-02-10T18:38:13+00:00","dateModified":"2022-04-21T17:04:13+00:00","breadcrumb":{"@id":"https:\/\/www.bgan.es\/kitdigital\/descarga-nuestra-guia\/#breadcrumb"},"inLanguage":"es","potentialAction":[{"@type":"ReadAction","target":["https:\/\/www.bgan.es\/kitdigital\/descarga-nuestra-guia\/"]}]},{"@type":"BreadcrumbList","@id":"https:\/\/www.bgan.es\/kitdigital\/descarga-nuestra-guia\/#breadcrumb","itemListElement":[{"@type":"ListItem","position":1,"name":"Portada","item":"https:\/\/www.bgan.es\/kitdigital\/"},{"@type":"ListItem","position":2,"name":"Descarga nuestra guia"}]},{"@type":"WebSite","@id":"https:\/\/www.bgan.es\/kitdigital\/#website","url":"https:\/\/www.bgan.es\/kitdigital\/","name":"Kit Digital Bgan","description":"Otro sitio realizado con WordPress","potentialAction":[{"@type":"SearchAction","target":{"@type":"EntryPoint","urlTemplate":"https:\/\/www.bgan.es\/kitdigital\/?s={search_term_string}"},"query-input":{"@type":"PropertyValueSpecification","valueRequired":true,"valueName":"search_term_string"}}],"inLanguage":"es"}]}},"_links":{"self":[{"href":"https:\/\/www.bgan.es\/kitdigital\/wp-json\/wp\/v2\/pages\/1037","targetHints":{"allow":["GET"]}}],"collection":[{"href":"https:\/\/www.bgan.es\/kitdigital\/wp-json\/wp\/v2\/pages"}],"about":[{"href":"https:\/\/www.bgan.es\/kitdigital\/wp-json\/wp\/v2\/types\/page"}],"author":[{"embeddable":true,"href":"https:\/\/www.bgan.es\/kitdigital\/wp-json\/wp\/v2\/users\/2"}],"replies":[{"embeddable":true,"href":"https:\/\/www.bgan.es\/kitdigital\/wp-json\/wp\/v2\/comments?post=1037"}],"version-history":[{"count":7,"href":"https:\/\/www.bgan.es\/kitdigital\/wp-json\/wp\/v2\/pages\/1037\/revisions"}],"predecessor-version":[{"id":1066,"href":"https:\/\/www.bgan.es\/kitdigital\/wp-json\/wp\/v2\/pages\/1037\/revisions\/1066"}],"wp:attachment":[{"href":"https:\/\/www.bgan.es\/kitdigital\/wp-json\/wp\/v2\/media?parent=1037"}],"curies":[{"name":"wp","href":"https:\/\/api.w.org\/{rel}","templated":true}]}}